 -3 + -3. Let s(c) = 4*c + 20. Let h be s(m). List the prime factors of -49*(3 + h + 0).
7
Suppose 13*w - w = 0. Suppose w = 5*g + l + 142 - 812, 2*g - 246 = 4*l. List the prime factors of g.
7, 19
Suppose -j = 5*x - 44454 - 30702, -5*j - 2*x = -375757. What are the prime factors of j?
223, 337
Let o = -58 - -61. Let c = 5 - o. List the prime factors of -2 - (-4 - c) - -3.
7
Let s = 64 - 52. Suppose -6*i - 6 - s = 0. What are the prime factors of i + 192/(2 + 1)*2?
5
Let v(l) = 3*l**2 - 47*l - 29. Let w(i) = -2*i**3 - 18*i**2 - 31*i - 4. Let d be w(-7). List the prime factors of v(d).
3, 13
Let m(x) = -16*x - 339. Let l be m(-20). Suppose 0 = h + h - 72. List the prime factors of -1*h*(l + 18).
2, 3
Suppose -8*u + 9*u = -i + 8755, u - 4*i = 8720. List the prime factors of u.
2, 3
Let f(v) = 32*v**3 + 10*v**2 - 25*v + 11. What are the prime factors of f(6)?
7, 1019
Let v(b) = -7*b**3 + 232*b**2 + 48*b + 65. List the prime factors of v(28).
29633
List the prime factors of (-34988)/(-16) + 4 + (-45)/60.
2, 3, 5, 73
Let o(x) = x**2 + 24*x + 5444. What are the prime factors of o(0)?
2, 1361
Let u be (-52)/91*(-42)/4. Let r be (-24)/(-72) - ((-70)/u + 2). Let l(d) = d**2 + 6*d - 8. What are the prime factors of l(r)?
2, 19
Let o(z) = 12*z**2 + 74*z + 116. Let i(u) = 4*u**2 + 25*u + 38. Let t(l) = -8*i(l) + 3*o(l). List the prime factors of t(-11).
2, 11, 13
Suppose 2014 = 6*l - 458. Suppose 0 = -6*t + 10*t - l. List the prime factors of t.
103
Let g = 20 - 18. Let v(y) = 12 + 35*y - 2*y**2 + 0*y**g - 38*y + 5*y**2. What are the prime factors of v(5)?
2, 3
Let g be -715 + ((-11)/(-22) - (-9)/2). Let n = g - -1267. List the prime factors of n.
557
Let s be (6 + -16)*1/2. Let p be (-2 - s) + -3 - -1428. Suppose p = -5*n + 17*n. List the prime factors of n.
7, 17
Suppose -2*b - 14 = -2*d, 2*d - 6*b + 2*b - 20 = 0. What are the prime factors of (-4173)/(-78) + (-2)/d?
53
Suppose -6*b + 2*b = -2*r + 84, 0 = 3*b - 6. Suppose r*u = 17648 + 13218. List the prime factors of u.
11, 61
Suppose -3*j - 5*z = -3001, 16*z = 4*j + 21*z - 3993. List the prime factors of j.
2, 31
Let f(u) = -11*u + 157. Let p be f(14). Suppose p*d = 2*k + 1426, 4*k + 1898 = 4*d + 2*k. List the prime factors of d.
2, 59
What are the prime factors of 122*(-5)/30*2/(14/(-357))?
17, 61
Suppose -3*i = -4*k - 47 - 11, 0 = k - 2*i + 12. Let f be (-276)/k - 6/24. Let b = f + 70. What are the prime factors of b?
3, 29
Let r(w) = w**2 - 16*w + 35. Let f be (-2*(-4)/4)/(-1) + 9. Let k be r(f). Let y = k - -33. What are the prime factors of y?
5
Let j = 6394 - -14683. List the prime factors of j.
7, 3011
What are the prime factors of ((8/22)/((-12)/(-88)))/((-2)/(-37857))?
2, 12619
Let r = -14163 + 40082. What are the prime factors of r?
25919
Let u = 12754 - 7593. List the prime factors of u.
13, 397
Suppose 0 = -2*c - 2*n + 29502, -5*c + 45852 = -2*n - 27882. List the prime factors of c.
2, 3, 1229
Suppose 367*t = 371*t - 12. List the prime factors of 403*((-2)/1 + t).
13, 31
Suppose -2*m + 5*k + 58413 = 0, -m + 1099*k + 29154 = 1104*k. List the prime factors of m.
17, 101
Suppose -37*a + 7818390 = 101*a. List the prime factors of a.
3, 5, 1259
Let l(f) = -f - 3. Let a be l(-8). Suppose 0 = a*c + 25, c = 4*m - 4139 + 1182. List the prime factors of m.
2, 3, 41
Suppose -8*h + 3*h = 4*c - 199, 4*c + 188 = 4*h. Let y = -28 + h. What are the prime factors of 3318/30 + (-9)/y?
2, 5, 11
Suppose 7322 = 3*d + 2*r, 2856 = 4*d + r - 6905. List the prime factors of d.
2, 5, 61
Suppose s = 1730 + 421 + 918. List the prime factors of s.
3, 11, 31
Let u be (10/(-80))/((-4)/32). Let j(t) be the second derivative of 11*t**3/2 - t**2 + t. List the prime factors of j(u).
31
Suppose -2*m - 6 = 4*g, 0 = -5*g - 20. List the prime factors of m + (1 + -7)/(-6) - -1026.
2, 3, 43
Let n(c) be the third derivative of c**6/120 - 7*c**5/30 + 5*c**4/24 + 49*c**3/6 + 71*c**2. List the prime factors of n(15).
349
Suppose 0 = -28*h + 30*h + 2. Let r be -2 + (14 + -1)*h/(-1). Suppose j - 122 = r. What are the prime factors of j?
7, 19
List the prime factors of (-6 + 9 - -5) + 46967 + -28.
3, 15649
Suppose 43*u - 19*u = -59*u + 4568320. What are the prime factors of u?
2, 5, 43
Let s(l) = 1042*l - 1052. What are the prime factors of s(22)?
2, 1367
Suppose 157707 = 3*l + 63309. What are the prime factors of l?
2, 15733
Let k = -472 + 465. Let l(d) = 24*d**2 + 18*d - 19. List the prime factors of l(k).
1031
Suppose 2*h - 4*j - 17224 = -8*j, -4*h + 34484 = -4*j. What are the prime factors of h?
2, 31, 139
Let l(g) = -g**3 + 93*g**2 + 46*g + 54. List the prime factors of l(30).
2, 3, 9689
Suppose -3*q + 22 = 58. Let k be 0 + -3 - (q + 13). Let h = 9 - k. List the prime factors of h.
13
Suppose 2*w = 2*y + 2, -3*y + 5*w + 2 = -5. List the prime factors of (-4 + 1)*(4 + 58/y).
17
Let z(h) = -h - 51. Let r be z(-15). Let c = r + 203. What are the prime factors of c?
167
Let v(b) = 1192*b**2 + 231*b - 1371. List the prime factors of v(6).
3, 41, 349
Suppose -5*w - 36 = 2*h - 14, 3*w + 13 = -h. Let u(a) = -400*a**3 - 1. What are the prime factors of u(h)?
3, 7, 19
Let l = -1424 - -9784. Suppose -17*o - 1152 = -l. List the prime factors of o.
2, 53
Let x(v) = 8356*v - 1524. What are the prime factors of x(1)?
2, 7, 61
Let i be (-13)/(-2) + 4/(-8). Let h(r) = 2*r - 2. Let j be h(i). Let p = j - -16. List the prime factors of p.
2, 13
Let f = -16449 - -35201. What are the prime factors of f?
2, 293
Let u(l) = -2223*l - 5019. List the prime factors of u(-12).
3, 7219
Suppose 50*i - 48*i - 112256 = -5*t, -67347 = -3*t + i. What are the prime factors of t?
2, 5, 449
Suppose 2*w - 39464 = -29*w + 136244. List the prime factors of w.
2, 13, 109
Let i(o) = -34*o + 1267. What are the prime factors of i(-26)?
3, 239
Let l(x) = -14*x + 48. Let m(u) = 4*u**2 + 22*u - 3. Let y be m(-5). List the prime factors of l(y).
2, 5, 23
Suppose -146 + 140 = -2*o. List the prime factors of 3290/o + 4 + 6/18.
3, 367
Suppose 5 = -5*l, g = l - 2*l - 257. Let w = 1445 - g. What are the prime factors of w?
3, 7
Let d = 8895 - 5377. List the prime factors of d.
2, 1759
Let o(f) = 4*f**2 + 14*f - 21. Let y be 45*(78/(-18))/13. List the prime factors of o(y).
3, 223
Let k = 8798 - -3646. What are the prime factors of k?
2, 3, 17, 61
Let z be ((-66)/(-4))/((-75)/(-50)). Suppose 1414 = z*h - 2876. List the prime factors of h.
2, 3, 5, 13
Let t(n) = 1540 - 30*n - 14*n**2 + 32*n - 5*n**2. What are the prime factors of t(0)?
2, 5, 7, 11
Suppose 10*u = 5*o + 5*u - 75210, 5*o - 7*u - 75212 = 0. List the prime factors of o.
13, 89
Let g(q) be the second derivative of 0 - 22*q - 3*q**2 - 1/3*q**3 + 1/6*q**4. List the prime factors of g(7).
2, 3, 13
Let h(r) = r**3 - 37*r**2 + 391*r + 248. What are the prime factors of h(49)?
3, 16073
Let t be 39 + -42 + (0 + -1)*19. Let r(g) = g + 76. What are the prime factors of r(t)?
2, 3
Let a(s) = -11*s - 4. Let v be a(-8). Let x(d) = 2 - 11 - 52*d + v*d. List the prime factors of x(3).
3, 29
Let u(v) = 5*v - 578 + 288 + 27*v + 291. Suppose 4*o + 18 = 2*x, -2*o + 7*o = -15. What are the prime factors of u(x)?
97
What are the prime factors of (6/(-3))/(8646643/(-432331) - -20)?
2, 18797
Let x(t) = -15*t + 36. Let k be 48/(-112) + (-134)/14. List the prime factors of x(k).
2, 3, 31
Let b(r) = -r**3 + 23*r**2 - 20*r + 32. Let o be b(23). List the prime factors of (o/16)/(4/(-48)).
3, 107
Let p = 164 - 330. Suppose 2*k + 2*s - 624 = 0, 5*k - 3*k = s + 621. Let x = p + k. What are the prime factors of x?
5, 29
Let j(i) = 9*i**3 - 156*i**2 - 40*i - 86. List the prime factors of j(20).
2, 4357
Suppose -760 = -3*i + 68. Suppose -8*h - 1380 = -5*g - 6*h, -g = 5*h - i. List the prime factors of g.
2, 3, 23
Let y = -735 - -2277. List the prime factors of 1/2*(-3)/((-9)/y).
257
Let u(g) = -2*g + 25. Let f be u(11). Suppose -3*a + 16 = a - 2*y, -5*y = -f*a - 2. List the prime factors of (-12)/(-8)*136/a.
2, 17
Let a(m) = -2*m - 4. Let n be a(-3). Suppose n*k = 6*k. Let q(j) = -j**3 - j**2 - j + 72. List the prime factors of q(k).
2, 3
Let s(w) = 51*w**2 - 2*w + 3. Let x be s(-4). Suppose 18*c + 56 = 344. Suppose 0 = -c*l + 661 + x. What are the prime factors of l?
3, 31
Suppose -h + 247 = -4*h - 4*o, -3*h - 2*o - 257 = 0. Let i = -248 + 121. Let u 